 highest common divisor of 2883 and 74803.
31
What is the highest common factor of 422018 and 395?
79
What is the highest common divisor of 756 and 50687?
7
Calculate the greatest common divisor of 6731 and 381.
127
Calculate the highest common factor of 31512 and 16536.
312
Calculate the greatest common divisor of 763 and 57879.
109
What is the highest common factor of 1245 and 1665?
15
Calculate the greatest common factor of 245 and 496223.
49
What is the highest common factor of 17971570 and 2230?
2230
Calculate the greatest common factor of 48 and 34014.
6
Calculate the greatest common divisor of 105 and 468160.
35
Calculate the greatest common divisor of 13188 and 228396.
84
Calculate the greatest common divisor of 90162 and 18.
18
What is the greatest common divisor of 25214 and 3458?
14
What is the highest common divisor of 4142236 and 28?
28
Calculate the highest common factor of 1739066 and 238.
238
What is the greatest common divisor of 96 and 1795616?
32
What is the highest common divisor of 1155 and 46695?
165
Calculate the greatest common divisor of 1177420 and 2380.
340
What is the highest common divisor of 5596 and 496?
4
What is the highest common divisor of 2873 and 57330?
13
What is the highest common divisor of 9 and 89922?
3
What is the highest common divisor of 13869 and 1656?
207
Calculate the highest common factor of 77 and 104566.
77
Calculate the greatest common factor of 1605 and 3900.
15
What is the greatest common divisor of 116 and 9268?
4
What is the highest common factor of 28 and 6104?
28
Calculate the highest common divisor of 3525 and 1975.
25
Calculate the greatest common factor of 364 and 7520877.
91
Calculate the greatest common factor of 39480 and 3876.
12
What is the highest common factor of 508 and 68834?
254
What is the highest common divisor of 66719 and 1948?
487
Calculate the greatest common divisor of 35 and 215285.
35
Calculate the highest common factor of 6695 and 260.
65
Calculate the greatest common factor of 138 and 129237.
69
Calculate the highest common factor of 29 and 527597.
29
Calculate the greatest common divisor of 42 and 26340.
6
What is the greatest common factor of 108 and 185412?
12
What is the greatest common factor of 18265 and 1105?
65
What is the highest common divisor of 852193 and 17?
17
Calculate the highest common factor of 20159 and 18037.
1061
What is the highest common factor of 12 and 39756?
12
What is the highest common divisor of 464 and 233392?
464
What is the greatest common divisor of 14 and 21553?
7
Calculate the highest common divisor of 704583 and 33.
33
Calculate the greatest common factor of 480 and 1928.
8
What is the highest common factor of 3173916 and 24?
12
Calculate the greatest common factor of 213106 and 1016.
254
Calculate the greatest common factor of 130 and 2665858.
26
What is the greatest common factor of 2706 and 48954?
246
What is the highest common factor of 4929 and 4650?
93
What is the greatest common factor of 1664528 and 128?
16
What is the highest common divisor of 93 and 5917311?
93
Calculate the greatest common divisor of 13 and 22633.
13
What is the highest common divisor of 38 and 123030?
2
Calculate the highest common factor of 12181 and 2899.
13
Calculate the highest common divisor of 3248 and 112752.
464
What is the highest common factor of 10060 and 14220?
20
Calculate the greatest common divisor of 1184426 and 134.
134
Calculate the highest common divisor of 19175 and 1350.
25
Calculate the highest common divisor of 86274 and 90.
18
Calculate the highest common divisor of 95 and 576935.
95
Calculate the greatest common divisor of 117150 and 660.
330
Calculate the greatest common divisor of 78939 and 378.
63
What is the greatest common factor of 28421 and 7325?
293
What is the highest common factor of 4780961 and 17?
17
Calculate the greatest common divisor of 63837 and 45.
9
Calculate the highest common factor of 328 and 688308.
164
Calculate the greatest common factor of 104 and 395408.
104
What is the greatest common factor of 344 and 5272?
8
Calculate the greatest common divisor of 72 and 1428417.
9
What is the highest common factor of 39 and 8814?
39
Calculate the greatest common divisor of 1089942 and 42.
42
What is the highest common divisor of 984960 and 16720?
1520
What is the highest common factor of 60 and 6565155?
15
Calculate the greatest common factor of 660214 and 464.
58
Calculate the highest common factor of 16 and 17188.
4
Calculate the greatest common divisor of 1281 and 1974.
21
What is the highest common divisor of 1336935 and 741?
57
What is the highest common divisor of 16327 and 141313?
563
Calculate the highest common factor of 417 and 212253.
417
Calculate the highest common factor of 30 and 1324410.
30
Calculate the highest common divisor of 248 and 286316.
124
What is the greatest common divisor of 112156 and 132?
44
Calculate the greatest common divisor of 4519509 and 267.
267
What is the greatest common factor of 9686 and 2117?
29
Calculate the highest common factor of 3696 and 6116.
44
Calculate the highest common divisor of 286 and 81562.
26
Calculate the highest common divisor of 240030 and 540.
270
What is the greatest common factor of 14 and 707?
7
Calculate the highest common factor of 470 and 5110.
10
What is the greatest common divisor of 74420 and 20?
20
Calculate the highest common factor of 783 and 59885.
29
What is the highest common factor of 11 and 101860?
11
Calculate the highest common divisor of 116865 and 35.
35
What is the greatest common divisor of 319 and 63452?
29
What is the highest common divisor of 30 and 28605?
15
What is the greatest common factor of 31501 and 3179?
289
Calculate the highest common divisor of 6720 and 130.
10
Calculate the highest common factor of 2215 and 25.
5
Calculate the greatest common divisor of 83386 and 33562.
346
Calculate the highest common factor of 325998 and 7398.
54
What is the highest common factor of 25214 and 18?
2
Calculate the greatest common divisor of 53799 and 3081.
237
What is the highest common factor of 390 and 1951170?
390
Calculate the highest common divisor of 2494 and 15515.
29
What is the highest common factor of 305923 and 92?
23
Calculate the highest common factor of 3230 and 1677016.
646
Calculate the greatest common factor of 185 and 2270.
5
Calculate the greatest common divisor of 217 and 134974.
217
Calculate the greatest common divisor of 6635 and 1171741.
1327
Calculate the highest common factor of 1630962 and 54.
54
What is the highest common factor of 156 and 39104?
52
Calculate the greatest common divisor of 384420 and 149.
149
What is the highest common divisor of 11595000 and 40?
40
Calculate the greatest common divisor of 77054 and 826.
118
Calculate the greatest common divisor of 44 and 109043.
11
Calculate the greatest common factor of 470573 and 57.
19
What is the highest common divisor of 3402 and 9882?
162
What is the greatest common divisor of 612 and 27846?
306
Calculate the highest common divisor of 234176 and 64.
64
What is the greatest common factor of 600 and 99900?
300
Calculate the highest common factor of 7560 and 189864.
216
What is the greatest common divisor of 12318 and 240?
6
Calculate the greatest common divisor of 4053474 and 414.
414
Calculate the highest common factor of 3026250 and 450.
450
What is the highest common factor of 48794 and 310?
62
Calculate the highest common divisor of 1216 and 256.
64
Calculate the greatest common factor of 64565 and 15355.
185
What is the highest common divisor of 4508 and 30184?
196
What is the greatest common divisor of 716560 and 265?
265
What is the highest common divisor of 189 and 5663?
7
Calculate the greatest common divisor of 27 and 132507.
9
Calculate the greatest common divisor of 2965 and 40.
5
Calculate the highest common divisor of 5992 and 1145221.
749
Calculate the greatest common divisor of 377703 and 135.
27
Calculate the highest common factor of 865 and 950635.
865
Calculate the greatest common divisor of 138 and 117714.
138
Calculate the greatest common divisor of 6684 and 234.
6
Calculate the highest common factor of 5 and 5282395.
5
Calculate the highest common divisor of 616967 and 39.
13
Calculate the greatest common factor of 462